3*f + 31 + 20 = 0. Let d(l) = 7 + 41*l**3 + 0*l + 18*l**2 + 5*l - 40*l**3. What are the prime factors of d(f)?
211
What are the prime factors of ((-1250997)/198)/(10/(-60))?
167, 227
What are the prime factors of 3 - -22138 - (22 + (20 - 37))?
2, 2767
Suppose 74*m - 194500 = 35*m - 23017. What are the prime factors of m?
4397
Suppose 3*z - 2*z = -j + 479, 0 = -4*j - 2*z + 1924. Let s = j + 313. What are the prime factors of s?
2, 199
Suppose -n + 14 = -3*g, 14*g = n + 16*g + 1. Suppose 0 = -n*p - 26 + 46, -4*c + 5*p = -1456. What are the prime factors of c?
3, 41
Let b = 7687 - -23283. List the prime factors of b.
2, 5, 19, 163
Let d = -1037 - -1800. Suppose -3*f - f + 1056 = -3*k, -3*f - 5*k + d = 0. List the prime factors of f.
3, 29
List the prime factors of -9*2834/(-117) - 5.
3, 71
Suppose 0 = 5*r + 9*o - 33953 - 85765, 3*o + 119754 = 5*r. List the prime factors of r.
3, 887
List the prime factors of 244/36 + 12/54 - -8844.
53, 167
Let b = -169 - -173. Suppose 4*d + 1340 = b*r, -14*r + 1682 = -9*r + 2*d. List the prime factors of r.
2, 3, 7
Let f(u) = 47*u + 2. Let y = 36 - 9. Let o = 28 - y. List the prime factors of f(o).
7
Suppose 464813 = 19*r - 83945. List the prime factors of r.
2, 7, 2063
Let r(g) = g**2 - 6*g - 5. Let s be r(7). Suppose -s*c + 4 = 0, l + c - 2 - 2 = 0. Suppose -l*m = -8, -4*f - 4*m + 60 = -m. List the prime factors of f.
2, 3
Suppose 0*d - 12 = 3*d. Let u(g) = -27*g - 1. Let s be u(d). Let z = 197 - s. List the prime factors of z.
2, 3, 5
Let n(o) be the first derivative of 35*o**2/2 - 8*o - 60. List the prime factors of n(2).
2, 31
Suppose -p = -5*z - 115, 5*p + 10*z - 11*z - 503 = 0. List the prime factors of p*-18*(-4)/6.
2, 3, 5
Suppose -119*z - 88*z + 1223936 = 49*z. What are the prime factors of z?
7, 683
Suppose 0 = 5*l + 13*t - 14*t + 2192, 5*l + 2*t = -2201. What are the prime factors of -1 + -4 + (23 - l)?
457
Suppose 0 = 74*b - 169*b + 65360. What are the prime factors of b?
2, 43
Suppose 0 = -3*q - 4*h + 16292, -2*h = -1808*q + 1804*q + 21664. What are the prime factors of q?
2, 5, 271
List the prime factors of (-1 + -6 + -1)/(12*37/(-3085356)).
2, 6949
Suppose -3*p = -52 + 31. Suppose -11*d = -p*d + 36. What are the prime factors of d/(-63) - (-879)/21?
2, 3, 7
Let w(q) = q**3 + 10*q**2 + 20*q - 19. Let c be w(-6). Suppose -3*y - 567 = -3*g + 468, c*y + 1045 = 3*g. List the prime factors of g.
2, 5, 17
List the prime factors of 84/(-10 - 2923/(-292)).
2, 7, 73
Let c be -6 - 5430/(-24) - (-3)/(-12). Suppose 10*a = 9*a + c. List the prime factors of a.
2, 5, 11
Suppose 366837 = 5*o + 117*w - 120*w, 4*w = 4*o - 293460. List the prime factors of o.
3, 37, 661
Let v(d) = 15*d + 6. Let b be v(14). Let z be (-36)/b + 35*2/(-12). List the prime factors of (-16 + 7)*-23*(-2)/z.
3, 23
Let g(o) = 1339*o - 900. List the prime factors of g(3).
3, 1039
Let c = -309 - -309. Suppose -d + 2*b + 343 = c, 4*d - 2*b + 1655 = 9*d. List the prime factors of d.
3, 37
Let y = -12612 - -21912. List the prime factors of y.
2, 3, 5, 31
Let s(p) be the third derivative of 3*p**2 + 11/60*p**5 - 1/6*p**4 + 0 + 0*p - 1/3*p**3 + 1/120*p**6. List the prime factors of s(-11).
2, 3, 7
Let n(v) = -25*v**2 - v + 26. Let j be n(6). Let r = j - -1992. List the prime factors of r.
2, 139
Suppose 5*z - 5*g + 280 = -4*g, -4*z = 5*g + 224. Suppose -5*w + l + 2*l = 710, -2*w - 265 = -5*l. Let i = z - w. List the prime factors of i.
89
Let a(x) = -1083*x**3 - 255*x - 770. What are the prime factors of a(-3)?
2, 7309
Suppose 3*u - 25*z - 85494 = -26*z, 0 = -3*z - 9. List the prime factors of u.
28499
Suppose -66*m + 74977 + 254561 = 0. What are the prime factors of m?
4993
Let c be (10/(-3))/(34/51). Let s be 23*c - (-12 - -15). Let j = -68 - s. List the prime factors of j.
2, 5
Suppose -4*j = -2*j - 2*r - 18, 2*r = -j + 21. Let c = j + -9. Suppose -307 = -c*x + k, -62 = -x + 3*k + 12. What are the prime factors of x?
7, 11
Suppose 6*p = -49 + 49. Suppose y = 2*s - y - 232, p = 5*s + y - 586. What are the prime factors of s?
3, 13
Let m(z) = 7781*z**2 + 141*z - 140. List the prime factors of m(1).
2, 3, 1297
Let f = 355 + -345. Suppose -f*m = -96 - 1724. What are the prime factors of m?
2, 7, 13
Let a(w) = 28*w**2 + 6*w - 14. Let s be a(6). Let k = 1723 - s. List the prime factors of k.
3, 7, 11
Suppose f - 5234 = 3*o, 0 = -78*o + 79*o. What are the prime factors of f?
2, 2617
Let x be -3 - 4/(-1) - 2. What are the prime factors of (-10)/(x/(-226)*-2)?
2, 5, 113
What are the prime factors of (-28464)/(-2) + ((-8)/20 - (-28)/70)?
2, 3, 593
What are the prime factors of (3 + 201)*((-487)/(-2) + 16 + -24)?
2, 3, 17, 157
Suppose 2*m - 8 = -2*g, -3*g = -m - 3*m + 9. List the prime factors of (1 - m)*(-2325)/10.
3, 5, 31
Let n = -111 + 114. Let p = -29 + 25. What are the prime factors of (n + p)/((-2)/(-28))*-9?
2, 3, 7
Let k(z) = 273*z**2 - 102 - 213*z**2 + 23*z - 12. List the prime factors of k(5).
19, 79
Let c(n) be the third derivative of -n**4/24 - n**3 - 16*n**2. Let o be c(-7). Suppose -4*r + 3*k = -329, 10 - o = -3*k. List the prime factors of r.
2, 5
Let q(k) = -k**3 + 101*k**2 - 160*k + 157. What are the prime factors of q(98)?
97, 137
Let x be 350/45 + 16/72. Suppose -226 + 10 = -x*z. What are the prime factors of z?
3
Let q(l) = -3001*l - 215. What are the prime factors of q(-2)?
3, 643
Suppose -52*i + 2299258 = 26*i - 438932. List the prime factors of i.
5, 7, 17, 59
What are the prime factors of (-80)/4*(1945/(-4) - 7)?
5, 1973
Let m(l) = 6*l**2 + 21*l + 10. Let b be m(-9). Let g = 562 - b. List the prime factors of g.
3, 5, 17
Let u(p) = -p**3 + 29*p**2 - 6*p + 52. Suppose 6*k = 10*k - 112. List the prime factors of u(k).
2, 167
Let u be ((-4151)/(-35))/((-6)/30). Let j = -226 - u. What are the prime factors of j?
367
Let c(q) = q**3 - 4*q**2 + 5*q - 5. Let p be c(4). Let y(z) = -4 + 26*z - p*z + 21. What are the prime factors of y(8)?
3, 5, 7
Let g = 41 + -37. Suppose 636 = 2*a - g*m, -4*m + 193 = -a + 521. Suppose -a = 5*r - 9*r. List the prime factors of r.
7, 11
Let m be 25/30*-4*-6. Suppose m*k = 17*k + 141. Suppose -k + 74 = l. What are the prime factors of l?
3
Let v = 49 - 38. Let y be (-2)/v - (-13146)/66. Let q = -111 + y. What are the prime factors of q?
2, 11
Suppose -2*m - 32819 = 25*g - 30*g, 0 = -5*m + 15. What are the prime factors of g?
5, 13, 101
Let v be (-3 + -7)/(-1) + -6. What are the prime factors of (7104/120)/(v/30)?
2, 3, 37
Let c be 2 + -1 + (-4 + 4)/8. What are the prime factors of ((-18)/(-8))/(5*c/480)?
2, 3
Let j(f) = 0 + 11*f + 4 - 14. Let a = -67 - -70. What are the prime factors of j(a)?
23
Suppose 6*k - k + 95 = 0. Let v = -17 - k. List the prime factors of 81 - (3 - v)*3.
2, 3, 13
Let t(x) = x**2 - 3*x - 23. Let a(z) = -z - 11. Let w be a(-5). Let f be -7 - (-3)/(9/w) - 4. What are the prime factors of t(f)?
5, 37
Let m(s) = s**2 + s - 1. Let b be m(-4). Suppose 2625 = b*l - 4*l. List the prime factors of l.
3, 5
Suppose 65*b + 76*b + 26656 = 43*b. Suppose 63 - 456 = -l. Let s = b + l. What are the prime factors of s?
11
Suppose -135 - 133 = -4*i. Let t = 74 - 59. Let b = i - t. List the prime factors of b.
2, 13
List the prime factors of (-8 - -12) + (-6)/(42/(-34447)).
5, 197
What are the prime factors of ((-684)/(-18))/((-6)/(-453))?
19, 151
Let h be (-1)/(1 + -1 - 3/(-21)). What are the prime factors of (h - -4) + 374 + -1 + 3?
373
Suppose 16*i - 23 - 25 = 0. Suppose -86 - 137 = -5*m - 3*o, 0 = -m - i*o + 47. What are the prime factors of m?
2, 11
Let f(t) = 208*t**3 - 2*t**2. Let a be f(-1). Suppose 1476 = 80*l - 84*l. Let i = a - l. What are the prime factors of i?
3, 53
Suppose 40*c = 2*c + 152. List the prime factors of -4 - 32/c*-147.
2, 293
Let s be 65 - (2 - 3 - -2). Let q = s - 61. Suppose q*p + 4*r = 7*r + 189, 4*r = 3*p - 193. What are the prime factors of p?
59
Suppose -929*g = -334*g - 40033980. List the prime factors of g.
2, 3, 7, 89
Let c be (78/(-10) - 1)/((-7)/35). Suppose 41*b = 42*b - c. Let g = b + 66. What are the prime factors of g?
2, 5, 11
Suppose 9*d - 7*d - 71 = -5*h, -3*d + 4*h + 72 = 0. Let y(n) = -3*n**2 + 117*n + 4. What are the prime factors of y(d)?
2, 29
Suppose 0 = 11*g - 7*g - 60. Suppose -2*a - 600 = -3*u + 306, g = -5*a. What are the prime factors of u?
2, 